447589
List the prime factors of 828544294.
2, 47, 8814301
List the prime factors of 23748679.
23748679
What are the prime factors of 3327873?
3, 1109291
List the prime factors of 163977941.
31, 5289611
List the prime factors of 727163051.
197, 3691183
List the prime factors of 78375843.
3, 7, 13, 31
What are the prime factors of 6870239?
43, 159773
What are the prime factors of 45338581?
283, 160207
List the prime factors of 143333461.
103, 1391587
What are the prime factors of 180520391?
89, 2028319
What are the prime factors of 143437094?
2, 71718547
List the prime factors of 5264914.
2, 53, 49669
List the prime factors of 337176147.
3, 7, 11, 17, 19, 4519
List the prime factors of 8427706.
2, 7, 23, 3739
What are the prime factors of 2057181748?
2, 43, 11960359
What are the prime factors of 11321396?
2, 2830349
What are the prime factors of 17926237?
7, 2560891
What are the prime factors of 29507237?
419, 70423
List the prime factors of 96592116.
2, 3, 277, 29059
List the prime factors of 2341586971.
7411, 315961
List the prime factors of 977940.
2, 3, 5, 1811
List the prime factors of 82868147.
71, 1167157
What are the prime factors of 38120253?
3, 67, 189653
What are the prime factors of 1072561313?
1301, 824413
List the prime factors of 3981259300.
2, 5, 53, 751181
What are the prime factors of 244879298?
2, 23, 5323463
What are the prime factors of 52928799?
3, 7, 11, 29, 7901
List the prime factors of 4504466.
2, 2252233
List the prime factors of 2557368052.
2, 107, 1663, 3593
What are the prime factors of 48730388?
2, 7, 31, 1811
What are the prime factors of 1033902366?
2, 3, 7, 19, 1295617
List the prime factors of 949539727.
2143, 443089
List the prime factors of 533641447.
533641447
List the prime factors of 121462512.
2, 3, 2530469
What are the prime factors of 28174157?
11, 1051, 2437
What are the prime factors of 54050938?
2, 27025469
List the prime factors of 2194805828.
2, 31, 43, 107, 3847
What are the prime factors of 108157449?
3, 2857, 12619
What are the prime factors of 797052479?
797052479
List the prime factors of 351395799.
3, 59, 1985287
List the prime factors of 90816377.
90816377
What are the prime factors of 200953190?
2, 5, 43, 467333
What are the prime factors of 95438524?
2, 23859631
What are the prime factors of 3291455645?
5, 349, 881, 2141
List the prime factors of 447511911.
3, 7, 11, 101, 19181
What are the prime factors of 49452714?
2, 3, 23, 29, 1373
What are the prime factors of 126875600?
2, 5, 317189
What are the prime factors of 120316861?
7, 17188123
What are the prime factors of 1069791964?
2, 267447991
List the prime factors of 454693287.
3, 773, 196073
List the prime factors of 15627413.
15627413
List the prime factors of 527205835.
5, 13, 8110859
What are the prime factors of 365818164?
2, 3, 157, 281, 691
List the prime factors of 256687030.
2, 5, 1097, 23399
List the prime factors of 224096726.
2, 7, 431, 37139
List the prime factors of 2847965.
5, 47, 12119
What are the prime factors of 1798329672?
2, 3, 29, 229, 3761
What are the prime factors of 516393523?
516393523
List the prime factors of 175159984.
2, 43, 254593
List the prime factors of 129947544.
2, 3, 421, 1429
What are the prime factors of 18685379?
19, 983441
What are the prime factors of 245202834?
2, 3, 40867139
What are the prime factors of 208195983?
3, 3041, 7607
List the prime factors of 2815679.
449, 6271
List the prime factors of 375410861.
7, 827, 64849
List the prime factors of 3027427490.
2, 5, 17, 83, 214559
List the prime factors of 3274377508.
2, 24121, 33937
List the prime factors of 1978438645.
5, 67, 5905787
What are the prime factors of 290502446?
2, 13, 11173171
List the prime factors of 47739797.
7, 1361, 5011
List the prime factors of 786751064.
2, 11, 23, 388711
List the prime factors of 178676885.
5, 17, 37, 56813
List the prime factors of 30820035.
3, 5, 43, 71, 673
What are the prime factors of 5168220875?
5, 19, 67, 32479
What are the prime factors of 781026189?
3, 17, 15314239
What are the prime factors of 36917265?
3, 5, 7, 11, 31963
What are the prime factors of 2470892092?
2, 367, 1683169
List the prime factors of 696482414.
2, 353, 986519
List the prime factors of 429120568.
2, 23, 101399
What are the prime factors of 2994832823?
41, 89, 191, 4297
What are the prime factors of 2020926866?
2, 7, 479, 301361
What are the prime factors of 423570567?
3, 7, 20170027
What are the prime factors of 328051008?
2, 3, 569533
List the prime factors of 33511728.
2, 3, 283, 2467
List the prime factors of 117201931.
7, 11, 138373
List the prime factors of 46041943.
139, 2383
List the prime factors of 565698331.
11, 29, 1773349
What are the prime factors of 1034529529?
11, 3389, 27751
List the prime factors of 54307701.
3, 7, 47, 18341
What are the prime factors of 44488324?
2, 3323, 3347
List the prime factors of 233521262.
2, 13, 1801, 4987
List the prime factors of 352527639.
3, 5693, 20641
What are the prime factors of 36595702?
2, 11, 13, 199, 643
List the prime factors of 2869025905.
5, 573805181
List the prime factors of 681218675.
5, 27248747
List the prime factors of 149164753.
881, 169313
What are the prime factors of 214542043?
587, 365489
List the prime factors of 6164187994.
2, 31, 99422387
What are the prime factors of 2802586109?
3833, 731173
What are the prime factors of 19161878?
2, 83, 89, 1297
What are the prime factors of 345581074?
2, 172790537
List the prime factors of 836160252.
2, 3, 69680021
What are the prime factors of 645697673?
29, 139, 160183
What are the prime factors of 406269043?
17, 31, 770909
What are the prime factors of 58270308?
2, 3, 167, 29077
List the prime factors of 39356943.
3, 13118981
What are the prime factors of 3535787349?
3, 19, 233, 29581
What are the prime factors of 25300716?
2, 3, 7, 53, 5683
What are the prime factors of 238968770?
2, 5, 31, 770867
List the prime factors of 16447132.
2, 13, 316291
What are the prime factors of 1075875499?
6299, 170801
List the prime factors of 3684494328.
2, 3, 421, 364657
What are the prime factors of 136975571?
167, 820213
List the prime factors of 58154771.
347, 167593
List the prime factors of 3624048521.
23, 31, 5082817
List the prime factors of 2743885466.
2, 7, 195991819
List the prime factors of 74843141.
74843141
List the prime factors of 3896199560.
2, 5, 11, 107, 82757
What are the prime factors of 13955432?
2, 1744429
What are the prime factors of 12136010?
2, 5, 1213601
List the prime factors of 47721084.
2, 3, 19, 311, 673
List the prime factors of 509972444.
2, 31, 61, 67421
What are the prime factors of 864787815?
3, 5, 487, 39461
What are the prime factors of 48709363?
4391, 11093
List the prime factors of 1010840736.
2, 3, 19, 554189
List the prime factors of 50812349.
7, 173, 41959
List the prime factors of 402241340.
2, 5, 3467, 5801
What are the prime factors of 106310255?
5, 23, 924437
List the prime factors of 102704332.
2, 167, 153749
List the prime factors of 130560716.
2, 11, 13, 31, 37, 199
List the prime factors of 355005507.
3, 118335169
What are the prime factors of 231966469?
7, 61, 239, 2273
List the prime factors of 173291370.
2, 3, 5, 7, 17, 48541
List the prime factors of 17951925.
3, 5, 107, 2237
List the prime factors of 106412474.
2, 7, 83, 91577
List the prime factors of 12822385.
5, 23, 43, 2593
List the prime factors of 325054031.
325054031
What are the prime factors of 112191813?
3, 12465757
What are the prime factors of 67342354?
2, 31, 73, 14879
List the prime factors of 89992188.
2, 3, 11, 13, 5827
List the prime factors of 75967093.
75967093
List the prime factors of 802496247.
3, 7, 38214107
List the prime factors of 36213228.
2, 3, 29, 34687
List the prime factors of 1754805650.
2, 5, 13, 2699701
What are the prime factors of 8108873?
643, 12611
List the prime factors of 1498467322.
2, 11, 1613, 42227
What are the prime factors of 9602826?
2, 3, 223, 7177
What are the prime factors of 111509935?
5, 22301987
What are the prime factors of 4938594857?
7, 67, 1213, 8681
List the prime factors of 526433957.
7, 75204851
List the prime factors of 29207752.
2, 7, 521567
List the prime factors of 1634806725.
3, 5, 21797423
What are the prime factors of 207232472?
2, 25904059
What are t